- 3*d**2 + d - 4. Let f = 7 - -2. Let t be (-1)/(-1)*-1*(f - 10). Suppose -2*k + 4*h = 5 + t, -2*k = -3*h + 6. Give o(k).
-7
Let g be (4/(-10))/((-3)/30). Let a(h) = -5*h**2 - 3*h - 1. Let u(n) = -4*n**2 - 4*n - 2. Let v(s) = g*u(s) - 3*a(s). Let x = -30808 - -30803. Determine v(x).
5
Let h(f) be the third derivative of f**4/24 + 136*f**2. Let a(r) = 3*r - 6. Let z be -1*2/(-1) + 2. Let p(d) = z*h(d) - a(d). Give p(-5).
1
Let z(s) = 3*s**3 - 4*s + 7. Let w be z(2). Let h(o) = -w + 2*o + 9 + 9. Give h(-5).
-15
Let b(z) = -8*z + 15. Suppose 239 + 419 = -127*d - 104. Give b(d).
63
Let i be (-8)/76 - (-8)/76. Suppose -2*d - 10 = 0, -d - 10 = -f - i*d. Let r(y) = -2 - 4*y + 1 + y**2 + 9*y - f. What is r(-7)?
8
Let x be (-43)/5 - (-4)/(-10). Let b(p) be the second derivative of 0 - 3/2*p**2 + 179*p - 1/6*p**3. Calculate b(x).
6
Let v(i) = -98*i + 114. Let l(h) = -156*h + 170. Let d(f) = 5*l(f) - 8*v(f). What is d(0)?
-62
Let s(b) = 75*b + 460. Let m be s(-6). Suppose -5*g + 77 = 4*i, -m*g = 3*i - 7*g - 54. Let f(q) = -q**3 + 13*q**2 - 3. Calculate f(i).
-3
Let l(c) = c**2 - 13*c + 24. Let z be l(9). Let b be (-40)/z*3/2. Let x(o) = 1 + 0*o - b*o + 4*o - 2. Calculate x(-7).
6
Let g(r) = 15*r**3 - r**2 + 1. Suppose 8*h = -34*h + 210. Suppose 0 = t, -5*n + h = -0*n + 4*t. Give g(n).
15
Let h(x) = 2*x**2 + 1588 + 2*x + 1705 - 2*x**2 - 3294 + x**2. Let u be 7/(-1) + 3 + -1. Calculate h(u).
14
Let l(j) = -j**2 - 6*j + 13. Let y = -5379 + 5382. What is l(y)?
-14
Let j be (-36 + 4)/8 + (37 - 0). Let x(l) = -l**2 + 6*l + 9. Let v be x(7). Suppose 0 = 5*c - v*c + j. Let r(q) = q**2 + 11*q - 1. Give r(c).
-1
Let a(k) = 1 + 41070*k + 41071*k + 41073*k - 123225*k - k**2. Suppose 0 = -3*o - 0*o - 30. Determine a(o).
11
Let t(o) = 15*o - 278. Let j = 17056 + -17037. Give t(j).
7
Let m(w) = w**2 - 42*w - 30. Let b(r) = 2*r**2 - 130*r - 85. Let h(f) = 6*b(f) - 17*m(f). What is h(-13)?
13
Let x(d) = -d**3 + 15*d**2 + 116*d + 203. Let i be x(21). Let v(o) = -3*o + 17. Give v(i).
38
Let i = 4 + -1. Let v(m) be the second derivative of m**3/6 - m**2 + 4457*m + 5. Determine v(i).
1
Let x(v) = v**3 - 9*v**2 - 10*v - 6. Let p be x(10). Let d(i) = 72 + 69 - i**2 + 3*i - 10*i - 143. Determine d(p).
4
Let c be ((-1)/4)/((-2)/24). Suppose 0*v - c*v + 5*v = 0. Let x(q) = -q**2 + q + 11. Calculate x(v).
11
Let x(w) = -w**3 + 2*w**2 - w - 4. Suppose -5*p + 25 = -120. Suppose 3*n + 4*a - p = -1, 2*n = -a + 12. Suppose 12 = 8*l - n*l. Calculate x(l).
-16
Let t = -5 - -9. Let z(y) = -t + 4 - y + 4. Let c be 36/(-144)*(144/3)/3. Give z(c).
8
Suppose -19*j + 50 = -2*f - 14*j, 0 = 9*f + 2*j + 274. Let c(l) = -l**3 - 29*l**2 + 32*l + 75. Determine c(f).
15
Let r(o) = 10*o + 45*o**3 - 4 - 90*o**3 + 44*o**3. Let m(c) = -c**2 + c. Let g(z) = -4*m(z) + r(z). Calculate g(5).
1
Let j(f) be the third derivative of f**5/60 - 7*f**4/12 + 47*f**3/6 - 1059*f**2 + 2. Determine j(8).
-1
Let u(d) = -d**3 - 27*d**2 - 42*d - 98. Let k be u(-26). Let r(s) = -2*s + 638*s**2 - 6 - k*s**2 - 319*s**2. Determine r(0).
-6
Let z(i) be the second derivative of -i**5/20 - 5*i**4/4 - 25*i**3/6 + 10*i**2 + 628*i. Calculate z(-13).
7
Let k(p) = -168*p**3 - 20*p**2 + 11*p + 9. Let f(g) = -13*g**3 - g**2 + g. Let j(n) = -13*f(n) + k(n). What is j(7)?
-5
Suppose -43 = -6*f + 5*f - 4*v, -5*f + 167 = -4*v. Let b(t) = t**3 - f*t**2 - 4*t + 30*t**2 + 0*t. What is b(6)?
12
Let a(y) be the second derivative of 1/6*y**3 - 7/2*y**2 + 13 + 2*y. What is a(6)?
-1
Let t(l) = l**3 - 4*l**2 + l - 2. Suppose -2*c - 3 - 7 = 4*d, -3*c - 4*d - 9 = 0. Let o be 39 + (4 - (4 + c - 1)). Suppose o = 4*p + 27. Determine t(p).
-8
Suppose 3*j = 4*i + 15, -5*j + 11 = -2*i - 0*j. Let n(p) be the second derivative of -121*p + 2/3*p**3 - 3/2*p**2 + 0. Calculate n(i).
-15
Let p(g) be the first derivative of 16*g**2 - 3*g + 353. Calculate p(1).
29
Let b(s) = 104 + 30*s - 76*s + 57 + 23*s. Give b(7).
0
Let y(n) = -4*n - 46. Let l(z) = -9*z - 131. Let i(s) = 4*l(s) - 11*y(s). What is i(5)?
22
Let p(x) = -4*x**2 - 10*x - 6. Let i = 3650 + -3652. Determine p(i).
-2
Let y(i) = -i**3 + 6*i - 5. Let a be (-2)/(-25) + 6048/3150. What is y(a)?
-1
Let x(d) = 2*d + 1. Let g(w) = -w**3 - 33*w**2 + w + 49. Let p be g(-33). Suppose -p*h + 4*h = 120. Calculate x(h).
-19
Let n(p) = 4*p + 5*p**3 + 9 + 326*p**2 - 331*p**2 - 6*p**3. Let x be 10/(-4)*(-60)/(-25). Determine n(x).
21
Let u(i) be the first derivative of -i**2/2 + 9*i + 20. Let t = -2321 + 2336. Calculate u(t).
-6
Let z(h) = 53*h + 39*h**2 + 54*h - 5 - 34*h**2 - 101*h + h**3. Give z(-3).
-5
Let t(j) = 3*j + 13. Suppose 188*p = 222*p - 100 + 304. What is t(p)?
-5
Let t(d) = 4*d - 18. Let a = 529 - 524. Let x(q) = -9*q + 40. Let v(l) = a*t(l) + 2*x(l). Give v(10).
10
Let i(n) = -n**3 + 11*n**2 + 2*n - 24. Suppose -670 + 1264 = 54*z. Calculate i(z).
-2
Let a(x) = 2*x**3 + 7*x**2 - 10*x + 3. Let h(v) = -2*v**3 - 5*v**2 + 8*v - 11. Let s(z) = -3*a(z) - 4*h(z). Determine s(0).
35
Let c(u) = -19*u**3 - 158*u**2 - u - 43. Let i(o) = 6*o**3 + 50*o**2 + o + 13. Let g(j) = -5*c(j) - 16*i(j). Let m(k) = 3*k + 4. Let v be m(-4). Calculate g(v).
-33
Let v(p) be the second derivative of p**4/2 + p**3 + 9*p**2/2 + 21*p + 19. Give v(-2).
21
Let x(l) be the first derivative of l**3/3 - l**2 - l - 3. Suppose 0 = -6*h + 5*h + 2. Suppose -3*t + 3 = 4*j - 25, 3*t - h*j - 4 = 0. Give x(t).
7
Suppose -10*c - 210 = -4*c. Let x be ((-2)/6)/((c/(-84))/(-5)). Let g(j) be the third derivative of j**5/60 - j**4/24 + 5*j**3/6 + 3*j**2. Determine g(x).
17
Let z(p) = -5*p**2 + 2*p + 1. Let h = 183 - 178. Suppose -25 = 5*w, 4*n = 3*w + 6 + h. Determine z(n).
-6
Let l(i) = -i**3 + 11*i**2 - i + 5. Let w be (94/235)/((-2)/20). Let d be w/(-10) + 126/10 + -2. Give l(d).
-6
Let t(u) = -u**2 + 6. Suppose 4*f - 24*o + 27*o + 5 = 0, 0 = -4*o + 4. Calculate t(f).
2
Suppose -15*r - 21 = -0*r + 54. Let z(b) = b**3 + 9*b**2 - b - 4. Give z(r).
101
Let j(m) = m**2 - 8*m + 10. Suppose -5*l = -2*b + 4*b + 6, -3*b + 17 = l. Suppose u - 2*c = -0 + b, 3*u = 5*c + 20. Give j(u).
-5
Let s(y) = 6 - 170*y**3 + 338*y**3 - 14 - 13*y - 171*y**3 + 13*y**2. Let r(o) = 2*o**3 - 7*o**2 + 6*o + 4. Let q(d) = -5*r(d) - 3*s(d). What is q(-6)?
22
Let l(d) = -d**2 - 10*d - 8. Let m = 257 - 218. Suppose 14*u + m + 45 = 0. Give l(u).
16
Suppose -35*j + 40*j + g + 4 = 0, -4*g - 16 = 0. Let y(t) = -t**2 - 2*t - 2. What is y(j)?
-2
Suppose -47*w - 201 = 34. Let z(t) = t**3 - t**2 - t. Let j(g) = 3*g**3 - 9*g**2 + g + 7. Let l(u) = j(u) - 4*z(u). What is l(w)?
-18
Let k(x) = -10*x + 9. Let l be k(1). Let q(y) = 13*y - 5. Calculate q(l).
-18
Suppose 0*c = -5*c - 2*f, -2*f - 2 = 4*c. Let q(s) = 0*s**2 - 2*s - s**2 + 687*s**3 - 684*s**3 + 7*s - 6*s - 1. Give q(c).
17
Suppose 0 = 3*k + 5*n - 17, k - n - 7 = 4. Let x(y) = y**2 - 12*y - 16 - k - 20 + 59. Calculate x(11).
3
Let u(h) = -h**3 - 13*h**2 - 40*h + 13. Suppose -22*r - 29*r - 150 = -26*r. Calculate u(r).
1
Let y(p) = 3*p**3 + 2*p**2 + 2*p - 5. Let r(d) be the third derivative of d**6/120 + d**5/60 + d**4/24 + 151*d**2. Let c(n) = 2*r(n) - y(n). Calculate c(0).
5
Let w(j) be the second derivative of -j**5/20 + 17*j**4/12 - 8*j**3/3 + 23*j**2/2 + 229*j - 18. Calculate w(16).
23
Let m(a) = -a**2 - 5*a + 10. Let g = 12520 + -12525. What is m(g)?
10
Let u(v) = 6*v**2 - 4*v + 3. Suppose -3*n = -3*q - 9, 31*n + 5 = 34*n + q. Determine u(n).
19
Suppose -7*b + 3*b + 20 = 0. Suppose 0*l + 5 = b*l. Let t(g) = -5*g**3 + 19*g**3 - 25*g**3 - g**2. Determine t(l).
-12
Let k(t) = 10*t**2 + 6*t. Let n(m) = -m**2 - 2*m. Let c = 513 + -507. Let d(r) = c*n(r) + 2*k(r). Give d(-1).
14
Let t(d) = 5*d**3 + 9*d**2 - 4*d - 5. Let s(k) = -k**3 - k. Let u(i) = 4*s(i) + t(i). Suppose 0 = 7*v - 12130 + 12200. Calculate u(v).
-25
Suppose 0 = i - 3, 3*i - 7 = a. Let d be (-14 + 3)/(a + -1). Let b be (-1 - -3)*(d - -9). Let t(s) = -s - 2. What is t(b)?
2
Let z(c) be the third derivative of -c**9/60480 + c**6/48 - c**5/30 + 17*c**3/6 - 26*c**2 - 2*c. Let u(m) be the third derivative of z(m). Calculate u(0).
15
Let f(z) = -z**3 - 59*z + 7*z**2 + 8 - 7 + 55*z. Let b(d) = 6*d - 4. Let y(r) = -7*r + 5. Let i(t) = -6*b(t) - 5*y(t). Let k(h) = -f(h) + 3*i(h). What is k(7)?
3
Let d(s) be the third derivative of 2*s**4/3 + 26*s**3/3 + 610*s**2. Give d(-3).
4
L